{"id":40,"date":"2024-09-07T16:54:33","date_gmt":"2024-09-07T15:54:33","guid":{"rendered":"https:\/\/koborlopanzio.hu\/?page_id=40"},"modified":"2024-09-13T08:15:58","modified_gmt":"2024-09-13T07:15:58","slug":"kapcsolat","status":"publish","type":"page","link":"https:\/\/koborlopanzio.hu\/?page_id=40","title":{"rendered":"KAPCSOLAT"},"content":{"rendered":"\t\t<div data-elementor-type=\"wp-page\" data-elementor-id=\"40\" class=\"elementor elementor-40\">\n\t\t\t\t<div class=\"elementor-element elementor-element-e5abd8a e-flex e-con-boxed e-con e-parent\" data-id=\"e5abd8a\" data-element_type=\"container\" data-e-type=\"container\">\n\t\t\t\t\t<div class=\"e-con-inner\">\n\t\t\t\t<div class=\"elementor-element elementor-element-8e62772 elementor-widget elementor-widget-text-editor\" data-id=\"8e62772\" data-element_type=\"widget\" data-e-type=\"widget\" data-widget_type=\"text-editor.default\">\n\t\t\t\t<div class=\"elementor-widget-container\">\n\t\t\t\t\t\t\t\t\t<p>Amennyiben szolg\u00e1ltat\u00e1saink felkeltett\u00e9k \u00e9rdekl\u0151d\u00e9s\u00e9t, k\u00fcldj\u00f6n \u00fczenetet a <a href=\"mailto:kutya@koborlopanzio.hu\">kutya@koborlopanzio.hu<\/a> email c\u00edmre vagy h\u00edvjon a <a href=\"tel:+36309070797\">+36 30 9070797<\/a> telefonsz\u00e1mon!<\/p>\t\t\t\t\t\t\t\t<\/div>\n\t\t\t\t<\/div>\n\t\t\t\t\t<\/div>\n\t\t\t\t<\/div>\n\t\t<div class=\"elementor-element elementor-element-9d3eac4 e-flex e-con-boxed e-con e-parent\" data-id=\"9d3eac4\" data-element_type=\"container\" data-e-type=\"container\">\n\t\t\t\t\t<div class=\"e-con-inner\">\n\t\t\t\t<div class=\"elementor-element elementor-element-7fa13c3 elementor-widget elementor-widget-google_maps\" data-id=\"7fa13c3\" data-element_type=\"widget\" data-e-type=\"widget\" data-widget_type=\"google_maps.default\">\n\t\t\t\t<div class=\"elementor-widget-container\">\n\t\t\t\t\t\t\t<div class=\"elementor-custom-embed\">\n\t\t\t<iframe loading=\"lazy\"\n\t\t\t\t\tsrc=\"https:\/\/maps.google.com\/maps?q=Magyarorsz%C3%A1g%2C%202030%20%C3%89rd%2C%20T%C3%B6lgyfa%20utca%204.&#038;t=m&#038;z=10&#038;output=embed&#038;iwloc=near\"\n\t\t\t\t\ttitle=\"Magyarorsz\u00e1g, 2030 \u00c9rd, T\u00f6lgyfa utca 4.\"\n\t\t\t\t\taria-label=\"Magyarorsz\u00e1g, 2030 \u00c9rd, T\u00f6lgyfa utca 4.\"\n\t\t\t><\/iframe>\n\t\t<\/div>\n\t\t\t\t\t\t<\/div>\n\t\t\t\t<\/div>\n\t\t\t\t\t<\/div>\n\t\t\t\t<\/div>\n\t\t<div class=\"elementor-element elementor-element-8eaac5e e-flex e-con-boxed e-con e-parent\" data-id=\"8eaac5e\" data-element_type=\"container\" data-e-type=\"container\">\n\t\t\t\t\t<div class=\"e-con-inner\">\n\t\t\t\t<div class=\"elementor-element elementor-element-3cfa4f6 elementor-widget elementor-widget-text-editor\" data-id=\"3cfa4f6\" data-element_type=\"widget\" data-e-type=\"widget\" data-widget_type=\"text-editor.default\">\n\t\t\t\t<div class=\"elementor-widget-container\">\n\t\t\t\t\t\t\t\t\t<p>C\u00edm\u00fcnk: <strong>K\u00d3BORL\u00d3 akt\u00edv kutyapanzi\u00f3<\/strong> 2030 \u00c9rd, T\u00f6lgyfa utca 4.<\/p>\t\t\t\t\t\t\t\t<\/div>\n\t\t\t\t<\/div>\n\t\t\t\t\t<\/div>\n\t\t\t\t<\/div>\n\t\t\t\t<\/div>\n\t\t","protected":false},"excerpt":{"rendered":"<p>Amennyiben szolg\u00e1ltat\u00e1saink felkeltett\u00e9k \u00e9rdekl\u0151d\u00e9s\u00e9t, k\u00fcldj\u00f6n \u00fczenetet a kutya@koborlopanzio.hu email c\u00edmre vagy h\u00edvjon a +36 30 9070797 telefonsz\u00e1mon! C\u00edm\u00fcnk: K\u00d3BORL\u00d3 akt\u00edv kutyapanzi\u00f3 2030 \u00c9rd, T\u00f6lgyfa utca 4.<\/p>\n","protected":false},"author":1,"featured_media":0,"parent":0,"menu_order":0,"comment_status":"closed","ping_status":"closed","template":"","meta":{"footnotes":""},"class_list":["post-40","page","type-page","status-publish","hentry"],"_links":{"self":[{"href":"https:\/\/koborlopanzio.hu\/index.php?rest_route=\/wp\/v2\/pages\/40","targetHints":{"allow":["GET"]}}],"collection":[{"href":"https:\/\/koborlopanzio.hu\/index.php?rest_route=\/wp\/v2\/pages"}],"about":[{"href":"https:\/\/koborlopanzio.hu\/index.php?rest_route=\/wp\/v2\/types\/page"}],"author":[{"embeddable":true,"href":"https:\/\/koborlopanzio.hu\/index.php?rest_route=\/wp\/v2\/users\/1"}],"replies":[{"embeddable":true,"href":"https:\/\/koborlopanzio.hu\/index.php?rest_route=%2Fwp%2Fv2%2Fcomments&post=40"}],"version-history":[{"count":11,"href":"https:\/\/koborlopanzio.hu\/index.php?rest_route=\/wp\/v2\/pages\/40\/revisions"}],"predecessor-version":[{"id":220,"href":"https:\/\/koborlopanzio.hu\/index.php?rest_route=\/wp\/v2\/pages\/40\/revisions\/220"}],"wp:attachment":[{"href":"https:\/\/koborlopanzio.hu\/index.php?rest_route=%2Fwp%2Fv2%2Fmedia&parent=40"}],"curies":[{"name":"wp","href":"https:\/\/api.w.org\/{rel}","templated":true}]}}